{"id":6097,"date":"2025-07-30T01:30:28","date_gmt":"2025-07-29T23:30:28","guid":{"rendered":"https:\/\/bsh.info.pl\/?page_id=6097"},"modified":"2025-07-30T02:36:46","modified_gmt":"2025-07-30T00:36:46","slug":"datenschutzerklarung","status":"publish","type":"page","link":"http:\/\/bsh.info.pl\/index.php\/de\/datenschutzerklarung\/","title":{"rendered":"Datenschutzerkl\u00e4rung"},"content":{"rendered":"\t\t<div data-elementor-type=\"wp-page\" data-elementor-id=\"6097\" class=\"elementor elementor-6097\">\n\t\t\t\t<div class=\"elementor-element elementor-element-532e859b e-flex e-con-boxed e-con e-parent\" data-id=\"532e859b\" data-element_type=\"container\">\n\t\t\t\t\t<div class=\"e-con-inner\">\n\t\t\t\t<div class=\"elementor-element elementor-element-437724e1 elementor-widget elementor-widget-text-editor\" data-id=\"437724e1\" data-element_type=\"widget\" data-settings=\"{&quot;ekit_we_effect_on&quot;:&quot;none&quot;}\" data-widget_type=\"text-editor.default\">\n\t\t\t\t\t\t\t\t\t<p data-start=\"36\" data-end=\"93\"><strong data-start=\"36\" data-end=\"93\">1. Verantwortlicher f\u00fcr Ihre personenbezogenen Daten:<\/strong><\/p><p data-start=\"95\" data-end=\"248\">BSH D\u0105browscy Sp\u00f3\u0142ka Jawna<br data-start=\"121\" data-end=\"124\" \/>Mit Sitz: ul. Piotrkowska 28, 95-080 Syski<br data-start=\"166\" data-end=\"169\" \/>USt-IdNr.: 7282812421<br data-start=\"190\" data-end=\"193\" \/>Reg.-Nr.: 366028609<br data-start=\"212\" data-end=\"215\" \/>Kontakt-E-Mail: <a class=\"cursor-pointer\" rel=\"noopener\" data-start=\"231\" data-end=\"248\">biuro@bsh.info.pl<\/a><\/p><p data-start=\"250\" data-end=\"454\"><strong data-start=\"250\" data-end=\"282\">2. Welche Daten sammeln wir?<\/strong><br data-start=\"282\" data-end=\"285\" \/>Wir sammeln ausschlie\u00dflich die Daten, die f\u00fcr die Durchf\u00fchrung von Bestellungen, die Kontaktaufnahme mit dem Kunden und den Handel erforderlich sind. Dies k\u00f6nnen sein:<\/p><ul data-start=\"455\" data-end=\"628\"><li data-start=\"455\" data-end=\"479\"><p data-start=\"457\" data-end=\"479\">Vorname und Nachname<\/p><\/li><li data-start=\"480\" data-end=\"497\"><p data-start=\"482\" data-end=\"497\">Lieferadresse<\/p><\/li><li data-start=\"498\" data-end=\"516\"><p data-start=\"500\" data-end=\"516\">E-Mail-Adresse<\/p><\/li><li data-start=\"517\" data-end=\"534\"><p data-start=\"519\" data-end=\"534\">Telefonnummer<\/p><\/li><li data-start=\"535\" data-end=\"572\"><p data-start=\"537\" data-end=\"572\">Rechnungsdaten (Firma, USt-IdNr.)<\/p><\/li><li data-start=\"573\" data-end=\"587\"><p data-start=\"575\" data-end=\"587\">IP-Adresse<\/p><\/li><li data-start=\"588\" data-end=\"628\"><p data-start=\"590\" data-end=\"628\">Daten, die in Cookies enthalten sind<\/p><\/li><\/ul><p data-start=\"630\" data-end=\"738\"><strong data-start=\"630\" data-end=\"664\">3. Zweck der Datenverarbeitung<\/strong><br data-start=\"664\" data-end=\"667\" \/>Ihre personenbezogenen Daten werden zu folgenden Zwecken verarbeitet:<\/p><ul data-start=\"739\" data-end=\"1040\"><li data-start=\"739\" data-end=\"786\"><p data-start=\"741\" data-end=\"786\">Ausf\u00fchrung und Bearbeitung von Bestellungen<\/p><\/li><li data-start=\"787\" data-end=\"840\"><p data-start=\"789\" data-end=\"840\">Kontakt im Zusammenhang mit der Bestellabwicklung<\/p><\/li><li data-start=\"841\" data-end=\"908\"><p data-start=\"843\" data-end=\"908\">Ausstellung von Buchhaltungsdokumenten (Rechnungen, Quittungen)<\/p><\/li><li data-start=\"909\" data-end=\"960\"><p data-start=\"911\" data-end=\"960\">Bearbeitung von Reklamationen und R\u00fccksendungen<\/p><\/li><li data-start=\"961\" data-end=\"1040\"><p data-start=\"963\" data-end=\"1040\">Durchf\u00fchrung von Statistiken und Analysen zur Verbesserung unseres Angebots<\/p><\/li><\/ul><p data-start=\"1042\" data-end=\"1139\"><strong data-start=\"1042\" data-end=\"1086\">4. Rechtsgrundlage der Datenverarbeitung<\/strong><br data-start=\"1086\" data-end=\"1089\" \/>Wir verarbeiten Daten gem\u00e4\u00df Art. 6 Abs. 1 DSGVO:<\/p><ul data-start=\"1140\" data-end=\"1492\"><li data-start=\"1140\" data-end=\"1212\"><p data-start=\"1142\" data-end=\"1212\">lit. b) \u2013 Verarbeitung ist erforderlich zur Erf\u00fcllung des Vertrages,<\/p><\/li><li data-start=\"1213\" data-end=\"1323\"><p data-start=\"1215\" data-end=\"1323\">lit. c) \u2013 Verarbeitung ist erforderlich zur Erf\u00fcllung einer rechtlichen Verpflichtung (z. B. Buchhaltung),<\/p><\/li><li data-start=\"1324\" data-end=\"1425\"><p data-start=\"1326\" data-end=\"1425\">lit. f) \u2013 berechtigtes Interesse des Verantwortlichen (z. B. Direktmarketing, Betrugspr\u00e4vention),<\/p><\/li><li data-start=\"1426\" data-end=\"1492\"><p data-start=\"1428\" data-end=\"1492\">lit. a) \u2013 Einwilligung (bei der Anmeldung f\u00fcr den Newsletter).<\/p><\/li><\/ul><p data-start=\"1494\" data-end=\"1555\"><strong data-start=\"1494\" data-end=\"1522\">5. Speicherung der Daten<\/strong><br data-start=\"1522\" data-end=\"1525\" \/>Wir speichern die Daten f\u00fcr:<\/p><ul data-start=\"1556\" data-end=\"1795\"><li data-start=\"1556\" data-end=\"1610\"><p data-start=\"1558\" data-end=\"1610\">die Dauer des Vertrages und der Bestellabwicklung,<\/p><\/li><li data-start=\"1611\" data-end=\"1703\"><p data-start=\"1613\" data-end=\"1703\">die gesetzlich vorgeschriebenen Fristen (z. B. Aufbewahrung von Rechnungen f\u00fcr 5 Jahre),<\/p><\/li><li data-start=\"1704\" data-end=\"1795\"><p data-start=\"1706\" data-end=\"1795\">bis zur Widerrufung der Einwilligung (falls die Verarbeitung auf Einwilligung basiert).<\/p><\/li><\/ul><p data-start=\"1797\" data-end=\"1979\"><strong data-start=\"1797\" data-end=\"1824\">6. Weitergabe von Daten<\/strong><br data-start=\"1824\" data-end=\"1827\" \/>Ihre Daten k\u00f6nnen Dritten nur in dem Umfang zur Verf\u00fcgung gestellt werden, der f\u00fcr die Erbringung der Dienstleistungen erforderlich ist, insbesondere:<\/p><ul data-start=\"1980\" data-end=\"2148\"><li data-start=\"1980\" data-end=\"2002\"><p data-start=\"1982\" data-end=\"2002\">Kurierunternehmen,<\/p><\/li><li data-start=\"2003\" data-end=\"2029\"><p data-start=\"2005\" data-end=\"2029\">Zahlungsdienstleister,<\/p><\/li><li data-start=\"2030\" data-end=\"2058\"><p data-start=\"2032\" data-end=\"2058\">Buchhaltungsunternehmen,<\/p><\/li><li data-start=\"2059\" data-end=\"2091\"><p data-start=\"2061\" data-end=\"2091\">Hosting- und IT-Unternehmen,<\/p><\/li><li data-start=\"2092\" data-end=\"2148\"><p data-start=\"2094\" data-end=\"2148\">Rechtsanwaltkanzleien (im Falle von Streitigkeiten).<\/p><\/li><\/ul><p data-start=\"2150\" data-end=\"2256\">Mit diesen Unternehmen haben wir entsprechende Vereinbarungen zur Auftragsdatenverarbeitung geschlossen.<\/p><p data-start=\"2258\" data-end=\"2317\"><strong data-start=\"2258\" data-end=\"2276\">7. Ihre Rechte<\/strong><br data-start=\"2276\" data-end=\"2279\" \/>Gem\u00e4\u00df der DSGVO haben Sie das Recht:<\/p><ul data-start=\"2318\" data-end=\"2512\"><li data-start=\"2318\" data-end=\"2351\"><p data-start=\"2320\" data-end=\"2351\">auf Auskunft \u00fcber Ihre Daten,<\/p><\/li><li data-start=\"2352\" data-end=\"2373\"><p data-start=\"2354\" data-end=\"2373\">auf Berichtigung,<\/p><\/li><li data-start=\"2374\" data-end=\"2391\"><p data-start=\"2376\" data-end=\"2391\">auf L\u00f6schung,<\/p><\/li><li data-start=\"2392\" data-end=\"2431\"><p data-start=\"2394\" data-end=\"2431\">auf Einschr\u00e4nkung der Verarbeitung,<\/p><\/li><li data-start=\"2432\" data-end=\"2482\"><p data-start=\"2434\" data-end=\"2482\">Widerspruch gegen die Verarbeitung einzulegen,<\/p><\/li><li data-start=\"2483\" data-end=\"2512\"><p data-start=\"2485\" data-end=\"2512\">auf Daten\u00fcbertragbarkeit.<\/p><\/li><\/ul><p data-start=\"2514\" data-end=\"2583\"><strong data-start=\"2514\" data-end=\"2528\">8. Cookies<\/strong><br data-start=\"2528\" data-end=\"2531\" \/>Unser Shop verwendet Cookies zu folgenden Zwecken:<\/p><ul data-start=\"2584\" data-end=\"2736\"><li data-start=\"2584\" data-end=\"2650\"><p data-start=\"2586\" data-end=\"2650\">Sicherstellung der ordnungsgem\u00e4\u00dfen Funktionsweise der Website,<\/p><\/li><li data-start=\"2651\" data-end=\"2677\"><p data-start=\"2653\" data-end=\"2677\">statistische Analysen,<\/p><\/li><li data-start=\"2678\" data-end=\"2736\"><p data-start=\"2680\" data-end=\"2736\">Anpassung von Inhalten und Werbung (falls zutreffend).<\/p><\/li><\/ul><p data-start=\"2738\" data-end=\"2919\">Sie k\u00f6nnen die Cookie-Einstellungen in Ihrem Browser verwalten. Wenn Sie die Website weiterhin nutzen, ohne die Einstellungen zu \u00e4ndern, stimmen Sie der Verwendung von Cookies zu.<\/p><p data-start=\"2921\" data-end=\"3122\"><strong data-start=\"2921\" data-end=\"2963\">9. \u00c4nderungen der Datenschutzerkl\u00e4rung<\/strong><br data-start=\"2963\" data-end=\"2966\" \/>Wir behalten uns das Recht vor, \u00c4nderungen an dieser Datenschutzerkl\u00e4rung vorzunehmen. Die aktuelle Version wird immer auf unserer Website verf\u00fcgbar sein.<\/p><p data-start=\"3124\" data-end=\"3287\"><strong data-start=\"3124\" data-end=\"3139\">10. Kontakt<\/strong><br data-start=\"3139\" data-end=\"3142\" \/>Bei Fragen zur Verarbeitung Ihrer personenbezogenen Daten kontaktieren Sie uns bitte:<br data-start=\"3227\" data-end=\"3230\" \/>E-Mail: <a class=\"cursor-pointer\" rel=\"noopener\" data-start=\"3238\" data-end=\"3255\">biuro@bsh.info.pl<\/a><br data-start=\"3255\" data-end=\"3258\" \/>Telefon: 538300313, 664828408<\/p>\t\t\t\t\t\t\t\t<\/div>\n\t\t\t\t\t<\/div>\n\t\t\t\t<\/div>\n\t\t\t\t<\/div>\n\t\t","protected":false},"excerpt":{"rendered":"<p>1. Verantwortlicher f\u00fcr Ihre personenbezogenen Daten: BSH D\u0105browscy Sp\u00f3\u0142ka JawnaMit Sitz: ul. [&hellip;]<\/p>\n","protected":false},"author":1,"featured_media":0,"parent":0,"menu_order":0,"comment_status":"closed","ping_status":"open","template":"","meta":{"footnotes":""},"class_list":["post-6097","page","type-page","status-publish","hentry"],"aioseo_notices":[],"_links":{"self":[{"href":"http:\/\/bsh.info.pl\/index.php\/wp-json\/wp\/v2\/pages\/6097","targetHints":{"allow":["GET"]}}],"collection":[{"href":"http:\/\/bsh.info.pl\/index.php\/wp-json\/wp\/v2\/pages"}],"about":[{"href":"http:\/\/bsh.info.pl\/index.php\/wp-json\/wp\/v2\/types\/page"}],"author":[{"embeddable":true,"href":"http:\/\/bsh.info.pl\/index.php\/wp-json\/wp\/v2\/users\/1"}],"replies":[{"embeddable":true,"href":"http:\/\/bsh.info.pl\/index.php\/wp-json\/wp\/v2\/comments?post=6097"}],"version-history":[{"count":4,"href":"http:\/\/bsh.info.pl\/index.php\/wp-json\/wp\/v2\/pages\/6097\/revisions"}],"predecessor-version":[{"id":6101,"href":"http:\/\/bsh.info.pl\/index.php\/wp-json\/wp\/v2\/pages\/6097\/revisions\/6101"}],"wp:attachment":[{"href":"http:\/\/bsh.info.pl\/index.php\/wp-json\/wp\/v2\/media?parent=6097"}],"curies":[{"name":"wp","href":"https:\/\/api.w.org\/{rel}","templated":true}]}}