{"id":2113,"date":"2025-05-05T07:05:59","date_gmt":"2025-05-05T07:05:59","guid":{"rendered":"https:\/\/demo.awaikenthemes.com\/sellsmart\/cbd-oil\/?page_id=2113"},"modified":"2025-07-10T00:04:59","modified_gmt":"2025-07-09T22:04:59","slug":"fundusze","status":"publish","type":"page","link":"https:\/\/bsh.info.pl\/index.php\/fundusze\/","title":{"rendered":"Fundusze Europejskie"},"content":{"rendered":"\t\t<div data-elementor-type=\"wp-page\" data-elementor-id=\"2113\" class=\"elementor elementor-2113\">\n\t\t\t\t<div data-ekitparallax=\"{&quot;ekit_section_parallax_bg&quot;:&quot;yes&quot;,&quot;ekit_section_parallax_bg_speed&quot;:0.5,&quot;elementor_lazy_load&quot;:&quot;1&quot;}\" class=\"elementor-element elementor-element-cf981f2 page-header-hero-cbd e-flex e-con-boxed e-con e-parent\" data-id=\"cf981f2\" data-element_type=\"container\" data-settings=\"{&quot;background_background&quot;:&quot;classic&quot;}\">\n\t\t\t\t\t<div class=\"e-con-inner\">\n\t\t<div class=\"elementor-element elementor-element-7644f8e e-con-full e-flex e-con e-child\" data-id=\"7644f8e\" data-element_type=\"container\">\n\t\t\t\t<div class=\"elementor-element elementor-element-afab242 at-heading-animation at-animation-heading-style-3 elementor-widget elementor-widget-heading\" data-id=\"afab242\" data-element_type=\"widget\" data-settings=\"{&quot;ekit_we_effect_on&quot;:&quot;none&quot;}\" data-widget_type=\"heading.default\">\n\t\t\t\t\t<h1 class=\"elementor-heading-title elementor-size-default\">Fundusze Europejskie dla nowoczesnej gospodarki<\/h1>\t\t\t\t<\/div>\n\t\t\t\t<\/div>\n\t\t\t\t\t<\/div>\n\t\t\t\t<\/div>\n\t\t<div class=\"elementor-element elementor-element-2e13c6c e-grid e-con-boxed e-con e-parent\" data-id=\"2e13c6c\" data-element_type=\"container\">\n\t\t\t\t\t<div class=\"e-con-inner\">\n\t\t\t\t<div class=\"elementor-element elementor-element-2590a83 elementor-widget elementor-widget-text-editor\" data-id=\"2590a83\" data-element_type=\"widget\" data-settings=\"{&quot;ekit_we_effect_on&quot;:&quot;none&quot;}\" data-widget_type=\"text-editor.default\">\n\t\t\t\t\t\t\t\t\t<div class=\"wpb_text_column wpb_content_element \"><div class=\"wpb_wrapper\"><div class=\"v1OutlineElement v1Ltr v1SCXW6254339 v1BCX0\"><p class=\"v1Paragraph v1SCXW6254339 v1BCX0\" lang=\"PL-PL\"><strong><span class=\"v1TextRun v1SCXW6254339 v1BCX0\" lang=\"PL-PL\"><span class=\"v1NormalTextRun v1SCXW6254339 v1BCX0\">Firma BSH D\u0104BROWSCY SP\u00d3\u0141KA JAWNA uzyska\u0142a dotacj\u0119 z Unii Europejskiej na<\/span>\u00a0<span class=\"v1NormalTextRun v1SCXW6254339 v1BCX0\">projekt pn.\u00a0<\/span><\/span><span class=\"v1EOP v1SCXW6254339 v1BCX0\">\u00a0<\/span><\/strong><strong><span class=\"v1EOP v1SCXW6254339 v1BCX0\">\u00a0<\/span><\/strong><\/p><\/div><div class=\"v1OutlineElement v1Ltr v1SCXW6254339 v1BCX0\"><p class=\"v1Paragraph v1SCXW6254339 v1BCX0\" lang=\"PL-PL\"><strong><span class=\"v1TextRun v1SCXW6254339 v1BCX0\" lang=\"PL-PL\"><span class=\"v1NormalTextRun v1SCXW6254339 v1BCX0\">\u201eWdro\u017cenie innowacji w procesie biznesowym produkcji paliwa sta\u0142ego<\/span>\u00a0<span class=\"v1NormalTextRun v1SCXW6254339 v1BCX0\">w<\/span>\u00a0<span class=\"v1NormalTextRun v1SCXW6254339 v1BCX0\">formie\u00a0<\/span><span class=\"v1NormalTextRun v1SpellingErrorV2Themed v1SCXW6254339 v1BCX0\">pelletu<\/span><span class=\"v1NormalTextRun v1SCXW6254339 v1BCX0\">\u00a0otrzymanego na bazie trocin z zastosowaniem dodatku\u00a0<\/span><span class=\"v1NormalTextRun v1SpellingErrorV2Themed v1SCXW6254339 v1BCX0\">lepiszczowego<\/span>\u00a0<span class=\"v1NormalTextRun v1SCXW6254339 v1BCX0\">w postaci wafli ry\u017cowych.\u201d<\/span><\/span><span class=\"v1EOP v1SCXW6254339 v1BCX0\">\u00a0<\/span><\/strong><\/p><\/div><\/div><\/div><div class=\"wpb_text_column wpb_content_element \"><div class=\"wpb_wrapper\"><div class=\"v1OutlineElement v1Ltr v1SCXW6254339 v1BCX0\"><p class=\"v1Paragraph v1SCXW6254339 v1BCX0\" lang=\"PL-PL\"><span class=\"v1TextRun v1SCXW6254339 v1BCX0\" lang=\"PL-PL\"><span class=\"v1NormalTextRun v1SCXW6254339 v1BCX0\">Projekt dotyczy wdro\u017cenia innowacji w procesie biznesowym produkcji paliwa sta\u0142ego w formie\u00a0<\/span><span class=\"v1NormalTextRun v1SpellingErrorV2Themed v1SCXW6254339 v1BCX0\">pelletu<\/span><span class=\"v1NormalTextRun v1SCXW6254339 v1BCX0\">\u00a0poprzez zastosowanie naturalnego dodatku<\/span><\/span><span class=\"v1LineBreakBlob v1BlobObject v1DragDrop v1SCXW6254339 v1BCX0\"><span class=\"v1SCXW6254339 v1BCX0\">\u00a0<\/span>\u00a0<\/span><span class=\"v1TextRun v1SCXW6254339 v1BCX0\" lang=\"PL-PL\"><span class=\"v1NormalTextRun v1SCXW6254339 v1BCX0\">lepiszczowego w postaci wafli ry\u017cowych. Zastosowane wafli ry\u017cowych (nieprzeznaczonych do spo\u017cycia i b\u0119d\u0105cych odpadem do ponownego wykorzystania) umo\u017cliwi zmniejszenie zu\u017cycia energii elektrycznej w procesie produkcyjnym, zwi\u0119kszenie wydajno\u015bci produkcji oraz<\/span><\/span><span class=\"v1LineBreakBlob v1BlobObject v1DragDrop v1SCXW6254339 v1BCX0\"><span class=\"v1SCXW6254339 v1BCX0\">\u00a0<\/span>\u00a0<\/span><span class=\"v1TextRun v1SCXW6254339 v1BCX0\" lang=\"PL-PL\"><span class=\"v1NormalTextRun v1SCXW6254339 v1BCX0\">wyd\u0142u\u017cenie \u017cywotno\u015bci cz\u0119\u015bci roboczych granulatora, co znacz\u0105co wp\u0142ynie na obni\u017cenie koszt\u00f3w. Rezultatem projektu b\u0119dzie zatem wdro\u017cenie innowacji<\/span><\/span><span class=\"v1LineBreakBlob v1BlobObject v1DragDrop v1SCXW6254339 v1BCX0\"><span class=\"v1SCXW6254339 v1BCX0\">\u00a0<\/span>\u00a0<\/span><span class=\"v1TextRun v1SCXW6254339 v1BCX0\" lang=\"PL-PL\"><span class=\"v1NormalTextRun v1SCXW6254339 v1BCX0\">biznesowej zwi\u0105zanej z redukcj\u0105 koszt\u00f3w, zgodnie z \u201ePodr\u0119cznikiem Oslo 2018\u2033.<\/span>\u00a0<span class=\"v1NormalTextRun v1SCXW6254339 v1BCX0\">Projekt realizowany b\u0119dzie w ramach dw\u00f3ch modu\u0142\u00f3w:\u00a0<\/span><span class=\"v1NormalTextRun v1SCXW6254339 v1BCX0\">modu\u0142 wdro\u017ceni<\/span><span class=\"v1NormalTextRun v1SCXW6254339 v1BCX0\">e<\/span><span class=\"v1NormalTextRun v1SCXW6254339 v1BCX0\">\u00a0innowacji oraz modu\u0142 zazielenienie przedsi\u0119biorstw.<\/span><\/span><span class=\"v1LineBreakBlob v1BlobObject v1DragDrop v1SCXW6254339 v1BCX0\"><span class=\"v1SCXW6254339 v1BCX0\">\u00a0<\/span>\u00a0<\/span><span class=\"v1TextRun v1SCXW6254339 v1BCX0\" lang=\"PL-PL\"><span class=\"v1NormalTextRun v1SCXW6254339 v1BCX0\">Realizacja Projektu w module\u00a0<\/span><span class=\"v1NormalTextRun v1SCXW6254339 v1BCX0\">w<\/span><span class=\"v1NormalTextRun v1SCXW6254339 v1BCX0\">dro\u017cenie innowacji zak\u0142ada budow\u0119 budynku produkcyjnego wraz z kompletn\u0105 lini\u0105 innowacyjnego procesu produkcyjnego<\/span><\/span><span class=\"v1LineBreakBlob v1BlobObject v1DragDrop v1SCXW6254339 v1BCX0\"><span class=\"v1SCXW6254339 v1BCX0\">\u00a0<\/span>\u00a0<\/span><span class=\"v1TextRun v1SCXW6254339 v1BCX0\" lang=\"PL-PL\"><span class=\"v1NormalTextRun v1SCXW6254339 v1BCX0\">pelletu (w tym zakup linii do produkcji\u00a0<\/span><span class=\"v1NormalTextRun v1SpellingErrorV2Themed v1SCXW6254339 v1BCX0\">pelletu<\/span><span class=\"v1NormalTextRun v1SCXW6254339 v1BCX0\">\u00a0o wydajno\u015b\u0107 8 t\/h, linii pakuj\u0105cej o wydajno\u015bci 8t\/h<\/span><span class=\"v1NormalTextRun v1SCXW6254339 v1BCX0\">,<\/span><span class=\"v1NormalTextRun v1SCXW6254339 v1BCX0\">\u00a04 sztuk silos\u00f3w stalowych, transformatora<\/span><span class=\"v1NormalTextRun v1SCXW6254339 v1BCX0\">\u00a0o mocy<\/span><span class=\"v1NormalTextRun v1SCXW6254339 v1BCX0\">\u00a01,5 MW<\/span><span class=\"v1NormalTextRun v1SCXW6254339 v1BCX0\">,<\/span><span class=\"v1NormalTextRun v1SCXW6254339 v1BCX0\">\u00a0zakup i<\/span>\u00a0<span class=\"v1NormalTextRun v1SCXW6254339 v1BCX0\">monta\u017c<\/span><span class=\"v1NormalTextRun v1SCXW6254339 v1BCX0\">\u00a0automatyk<\/span><span class=\"v1NormalTextRun v1SCXW6254339 v1BCX0\">i<\/span><span class=\"v1NormalTextRun v1SCXW6254339 v1BCX0\">\u00a0<\/span><span class=\"v1NormalTextRun v1SCXW6254339 v1BCX0\">i<\/span>\u00a0<span class=\"v1NormalTextRun v1SCXW6254339 v1BCX0\">instalacj<\/span><span class=\"v1NormalTextRun v1SCXW6254339 v1BCX0\">i<\/span><span class=\"v1NormalTextRun v1SCXW6254339 v1BCX0\">\u00a0niezb\u0119dn<\/span><span class=\"v1NormalTextRun v1SCXW6254339 v1BCX0\">ej<\/span><span class=\"v1NormalTextRun v1SCXW6254339 v1BCX0\">\u00a0do\u00a0uruchomienia<\/span><span class=\"v1NormalTextRun v1SCXW6254339 v1BCX0\">\u00a0kompletnej<\/span><span class=\"v1NormalTextRun v1SCXW6254339 v1BCX0\">\u00a0linii do produkcji\u00a0<\/span><span class=\"v1NormalTextRun v1SpellingErrorV2Themed v1SCXW6254339 v1BCX0\">pelletu<\/span><span class=\"v1NormalTextRun v1SCXW6254339 v1BCX0\">\u00a0<\/span>\u00a0<span class=\"v1NormalTextRun v1SCXW6254339 v1BCX0\">oraz\u00a0<\/span><span class=\"v1NormalTextRun v1SCXW6254339 v1BCX0\">budow\u0119<\/span><span class=\"v1NormalTextRun v1SCXW6254339 v1BCX0\">\u00a0zbiornik<\/span><span class=\"v1NormalTextRun v1SCXW6254339 v1BCX0\">a<\/span><span class=\"v1NormalTextRun v1SCXW6254339 v1BCX0\">\u00a0przeciwpo\u017carow<\/span><span class=\"v1NormalTextRun v1SCXW6254339 v1BCX0\">ego<\/span><span class=\"v1NormalTextRun v1SCXW6254339 v1BCX0\">).\u00a0<\/span><\/span><span class=\"v1EOP v1SCXW6254339 v1BCX0\">\u00a0<\/span><\/p><\/div><div class=\"v1OutlineElement v1Ltr v1SCXW6254339 v1BCX0\"><p class=\"v1Paragraph v1SCXW6254339 v1BCX0\" lang=\"PL-PL\"><span class=\"v1TextRun v1SCXW6254339 v1BCX0\" lang=\"PL-PL\"><span class=\"v1NormalTextRun v1SCXW6254339 v1BCX0\">Nowopowsta\u0142y zak\u0142ad produkcyjny<\/span><span class=\"v1NormalTextRun v1SCXW6254339 v1BCX0\">\u00a0b\u0119dzie<\/span><span class=\"v1NormalTextRun v1SCXW6254339 v1BCX0\">\u00a0cz\u0119\u015bciowo zasilany zainstalowanymi<\/span>\u00a0<span class=\"v1NormalTextRun v1SCXW6254339 v1BCX0\">na dachu budynku panelami fotowoltaicznymi, kt\u00f3rych budowa jest przewidziana do realizacji w ramach modu\u0142u \u201eZazielenienie Przedsi\u0119biorstw\u201d.<\/span><\/span><span class=\"v1LineBreakBlob v1BlobObject v1DragDrop v1SCXW6254339 v1BCX0\"><span class=\"v1SCXW6254339 v1BCX0\">\u00a0<\/span>\u00a0<\/span><span class=\"v1TextRun v1SCXW6254339 v1BCX0\" lang=\"PL-PL\"><span class=\"v1NormalTextRun v1SCXW6254339 v1BCX0\">Przedstawione dzia\u0142ania s\u0105 komplementarne, uzupe\u0142niaj\u0105 si\u0119 nawzajem\u00a0<\/span><span class=\"v1NormalTextRun v1SCXW6254339 v1BCX0\">i skierowane s\u0105 na osi\u0105gni\u0119cie jednego celu, czyli wdro\u017cenia innowacji w procesie<\/span><span class=\"v1NormalTextRun v1SCXW6254339 v1BCX0\">\u00a0b<\/span><span class=\"v1NormalTextRun v1SCXW6254339 v1BCX0\">iznesowym, zwi\u0105zanej z redukcj\u0105 koszt\u00f3w sp\u00f3\u0142ki zgodnej z pomiarem dzia\u0142alno\u015bci naukowo-technicznej i innowacyjnej \u201ePodr\u0119cznika Oslo 2018\u2033.<\/span><\/span><span class=\"v1LineBreakBlob v1BlobObject v1DragDrop v1SCXW6254339 v1BCX0\"><span class=\"v1SCXW6254339 v1BCX0\">\u00a0<\/span>\u00a0<\/span><span class=\"v1TextRun v1SCXW6254339 v1BCX0\" lang=\"PL-PL\"><span class=\"v1NormalTextRun v1SCXW6254339 v1BCX0\">Z projektu korzysta\u0107 b\u0119d\u0105 pracownicy, kt\u00f3rzy uczestnicz\u0105 w procesach powstawania nowych produkt\u00f3w i osoby zarz\u0105dzaj\u0105ce innowacjami w<\/span><\/span><span class=\"v1LineBreakBlob v1BlobObject v1DragDrop v1SCXW6254339 v1BCX0\"><span class=\"v1SCXW6254339 v1BCX0\">\u00a0<\/span>\u00a0<\/span><span class=\"v1TextRun v1SCXW6254339 v1BCX0\" lang=\"PL-PL\"><span class=\"v1NormalTextRun v1SCXW6254339 v1BCX0\">przedsi\u0119biorstwie BSH D\u0104BROWSCY SP\u00d3\u0141KA JAWNA. Docelowo z nowoczesnych produkt\u00f3w, kt\u00f3re zostan\u0105 wprowadzone na rynek, b\u0119d\u0105 mogli korzysta\u0107<\/span><span class=\"v1NormalTextRun v1SCXW6254339 v1BCX0\">\u00a0k<\/span><span class=\"v1NormalTextRun v1SCXW6254339 v1BCX0\">lienci firmy w Polsce i za granic\u0105.<\/span><\/span><span class=\"v1EOP v1SCXW6254339 v1BCX0\">\u00a0<\/span><\/p><\/div><div class=\"v1OutlineElement v1Ltr v1SCXW6254339 v1BCX0\"><p class=\"v1Paragraph v1SCXW6254339 v1BCX0\" lang=\"PL-PL\"><strong><span class=\"v1TextRun v1SCXW6254339 v1BCX0\" lang=\"PL-PL\"><span class=\"v1NormalTextRun v1SCXW6254339 v1BCX0\">#FunduszeUE #FunduszeEuropejskie<\/span><\/span><span class=\"v1EOP v1SCXW6254339 v1BCX0\">\u00a0<\/span><\/strong><\/p><\/div><div class=\"v1OutlineElement v1Ltr v1SCXW6254339 v1BCX0\"><p class=\"v1Paragraph v1SCXW6254339 v1BCX0\" lang=\"PL-PL\"><strong><span class=\"v1TextRun v1SCXW6254339 v1BCX0\" lang=\"PL-PL\"><span class=\"v1NormalTextRun v1SCXW6254339 v1BCX0\">Warto\u015b\u0107 projektu: 30 464 926,59 z\u0142<\/span><\/span><span class=\"v1LineBreakBlob v1BlobObject v1DragDrop v1SCXW6254339 v1BCX0\"><span class=\"v1SCXW6254339 v1BCX0\"><br \/><\/span><\/span><\/strong><strong><span class=\"v1TextRun v1SCXW6254339 v1BCX0\" lang=\"PL-PL\"><span class=\"v1NormalTextRun v1SCXW6254339 v1BCX0\">Wysoko\u015b\u0107 wk\u0142adu z Funduszy Europejskich: 14 873 439,80 z\u0142<\/span><\/span><span class=\"v1EOP v1SCXW6254339 v1BCX0\">\u00a0<\/span><\/strong><\/p><\/div><\/div><\/div>\t\t\t\t\t\t\t\t<\/div>\n\t\t\t\t<div class=\"elementor-element elementor-element-0b85a6a at-image-animation at-animation-image-none at-none elementor-widget elementor-widget-image\" data-id=\"0b85a6a\" data-element_type=\"widget\" data-settings=\"{&quot;ekit_we_effect_on&quot;:&quot;none&quot;}\" data-widget_type=\"image.default\">\n\t\t\t\t\t\t\t\t\t\t\t\t\t\t\t<img fetchpriority=\"high\" decoding=\"async\" width=\"800\" height=\"106\" src=\"https:\/\/bsh.info.pl\/wp-content\/uploads\/2025\/07\/dofinansowanieUniaEuropejska-1024x136.jpg\" class=\"attachment-large size-large wp-image-5802\" alt=\"Fundusze europejskie dla nowoczesnej gospodarki\" srcset=\"https:\/\/bsh.info.pl\/wp-content\/uploads\/2025\/07\/dofinansowanieUniaEuropejska-1024x136.jpg 1024w, https:\/\/bsh.info.pl\/wp-content\/uploads\/2025\/07\/dofinansowanieUniaEuropejska-600x80.jpg 600w, https:\/\/bsh.info.pl\/wp-content\/uploads\/2025\/07\/dofinansowanieUniaEuropejska-300x40.jpg 300w, https:\/\/bsh.info.pl\/wp-content\/uploads\/2025\/07\/dofinansowanieUniaEuropejska-768x102.jpg 768w, https:\/\/bsh.info.pl\/wp-content\/uploads\/2025\/07\/dofinansowanieUniaEuropejska-1536x204.jpg 1536w, https:\/\/bsh.info.pl\/wp-content\/uploads\/2025\/07\/dofinansowanieUniaEuropejska.jpg 2000w\" sizes=\"(max-width: 800px) 100vw, 800px\" \/>\t\t\t\t\t\t\t\t\t\t\t\t\t\t\t<\/div>\n\t\t\t\t\t<\/div>\n\t\t\t\t<\/div>\n\t\t\t\t<\/div>\n\t\t","protected":false},"excerpt":{"rendered":"<p>Fundusze Europejskie dla nowoczesnej gospodarki Firma BSH D\u0104BROWSCY SP\u00d3\u0141KA JAWNA uzyska\u0142a dotacj\u0119 [&hellip;]<\/p>\n","protected":false},"author":1,"featured_media":0,"parent":0,"menu_order":0,"comment_status":"closed","ping_status":"closed","template":"elementor_header_footer","meta":{"footnotes":""},"class_list":["post-2113","page","type-page","status-publish","hentry"],"aioseo_notices":[],"_links":{"self":[{"href":"https:\/\/bsh.info.pl\/index.php\/wp-json\/wp\/v2\/pages\/2113","targetHints":{"allow":["GET"]}}],"collection":[{"href":"https:\/\/bsh.info.pl\/index.php\/wp-json\/wp\/v2\/pages"}],"about":[{"href":"https:\/\/bsh.info.pl\/index.php\/wp-json\/wp\/v2\/types\/page"}],"author":[{"embeddable":true,"href":"https:\/\/bsh.info.pl\/index.php\/wp-json\/wp\/v2\/users\/1"}],"replies":[{"embeddable":true,"href":"https:\/\/bsh.info.pl\/index.php\/wp-json\/wp\/v2\/comments?post=2113"}],"version-history":[{"count":5,"href":"https:\/\/bsh.info.pl\/index.php\/wp-json\/wp\/v2\/pages\/2113\/revisions"}],"predecessor-version":[{"id":5900,"href":"https:\/\/bsh.info.pl\/index.php\/wp-json\/wp\/v2\/pages\/2113\/revisions\/5900"}],"wp:attachment":[{"href":"https:\/\/bsh.info.pl\/index.php\/wp-json\/wp\/v2\/media?parent=2113"}],"curies":[{"name":"wp","href":"https:\/\/api.w.org\/{rel}","templated":true}]}}